 5, 47
Let x be 1*(3 - (-8)/(-2)). Let d be -1*(0 + x + -2). Suppose -75 = -3*v - 4*i - 23, 5*v + d*i = 72. List the prime factors of v.
2, 3
Let p be 2/3 - 375/9. Let x = -29 - p. Let z = x - -15. List the prime factors of z.
3
Suppose 9*l = -6314 + 35330. What are the prime factors of l?
2, 13, 31
Suppose -2*f - 3*n + 8 = 3*f, -3*f + 4*n = -28. Suppose -4*p = -5*h + 1014, -812 = -f*h - p + 4*p. What are the prime factors of h?
2, 103
What are the prime factors of ((-2030)/(-280))/(2/112)?
2, 7, 29
Let g be -18 - -1*(-2 - 0). Let n be (4/5)/((-1)/g). Let k = 16 + n. List the prime factors of k.
2
Suppose 7*q = 3*q + 3*y + 131, -5*y = 2*q - 85. Suppose -3*p + t = -q, -2*p - 5*t = 3*p - 25. What are the prime factors of -9*1/((-2)/p)?
3, 5
Suppose -89 = 2*j - 3. Let l = 59 + j. List the prime factors of l.
2
Let w(o) be the third derivative of -3/2*o**3 + 0 + 7/24*o**4 - 5*o**2 + 0*o. List the prime factors of w(6).
3, 11
Suppose h = 659 - 74. List the prime factors of h.
3, 5, 13
Let q(t) = -3*t + 17. Let k = -27 - -12. What are the prime factors of q(k)?
2, 31
Let w = -44 - -48. Suppose w*r = -0*r + 416. List the prime factors of r.
2, 13
Let n(h) = h**3 - 17*h**2 + 10. Let t(y) = -4*y - 23. Let s be t(-10). Let i be n(s). List the prime factors of 81/(2 + (-5)/i).
2, 3
Let y = 619 - 389. List the prime factors of y.
2, 5, 23
Suppose -41*v + 43*v = -8. Let h(g) = 6*g**2 + 5*g - 10. List the prime factors of h(v).
2, 3, 11
Let r(p) = 14*p**2 + 11*p - 26. List the prime factors of r(5).
379
Let o = -8 + -2. Let f = 12 + o. List the prime factors of (-4 + f)*10/(-4).
5
Let j(d) = 45*d - 49. What are the prime factors of j(2)?
41
Suppose 25 = -4*x + 9*x. Let g be 5/(-2)*(3 - x). List the prime factors of (-3)/g + (-206)/(-10).
2, 5
What are the prime factors of 430/((3/4)/(54/144))?
5, 43
Let j(u) = u**2 - 10*u + 5. Suppose 0*o = 2*o - 14. Let l be j(o). Let q = 22 + l. What are the prime factors of q?
2, 3
Suppose 2*j + 0*j - 424 = 0. What are the prime factors of -1*(j - -2)*6/(-12)?
107
Suppose 2*u = -2*b + 556 - 52, -5*b + 1007 = 4*u. What are the prime factors of u?
11, 23
Suppose 6*f - 11*f + 195 = 0. Let u = 54 + f. What are the prime factors of u?
3, 31
Suppose 509 = 4*b - 2*m - 477, 0 = -b - 5*m + 219. List the prime factors of b.
2, 61
Let x be (1 - 7)*6/(-9). Suppose 48 = -x*o + o. What are the prime factors of ((-180)/o)/((-3)/(-8))?
2, 3, 5
Let g be (6/9)/((-10)/(-75)). Suppose g*p = 9 + 11. Suppose 4*y - 4*i = 132, -3*i = p*y + i - 124. List the prime factors of y.
2
Suppose -1178 = -2*f - 2*t - 2*t, 3*t + 2323 = 4*f. Suppose 5*z - 1052 = f. List the prime factors of z.
3, 109
Suppose v - 480 = -2*v. Let o = v - 93. List the prime factors of o.
67
Suppose -32*w = -1787 - 98821. What are the prime factors of w?
2, 3, 131
Let q = 0 + 5. Let t be 1 + 2 - q - -205. Suppose 3*j + 29 - t = 0. List the prime factors of j.
2, 29
Suppose -u - 8 = -2*i + 7, i - 2 = -5*u. Let h(b) = -4*b. Let q be h(-2). Suppose q + i = a. What are the prime factors of a?
3, 5
Suppose 0*r + r = 0. Let b = 196 + -91. Suppose -3*a = 3 + 6, 2*p - 5*a - b = r. What are the prime factors of p?
3, 5
Let s(u) = 175*u + 17. Let t be s(3). Let n = t + -230. List the prime factors of n.
2, 3, 13
Suppose 3168 = -5*f + 11*f. Suppose 5*o = -6*o + f. What are the prime factors of o?
2, 3
Suppose 2*d - d = 3. Let n(a) be the first derivative of a**3/3 - a**2/2 - 4*a + 1. List the prime factors of n(d).
2
Let b be (-6)/4*220/(-15). Suppose 2*s = -0*s - b. Let z = 36 + s. What are the prime factors of z?
5
Let g be (-15)/(-10)*6*-29. Let d = g - -417. Suppose z + 98 = 3*k, 5*k + 0*z = -2*z + d. List the prime factors of k.
2
Let f(j) = -2*j**3 + 2*j**2 + 6*j - 12. Let u be f(2). Let g(d) = -1. Let l(p) = -p - 9. Let z(v) = -5*g(v) + l(v). What are the prime factors of z(u)?
2
Suppose 34*o - 74124 = 43278. What are the prime factors of o?
3, 1151
Let z(n) = -8*n. Let d be z(11). Let r = -47 - d. List the prime factors of r.
41
Let s(u) be the first derivative of -113*u**4/4 + u**2 + u + 24. What are the prime factors of s(-1)?
2, 7
Suppose 1404 = v - 5*k, 613 = 3*v - 4*k - 3654. What are the prime factors of v?
1429
Let r(v) = 3*v**2 + 5*v + 52. List the prime factors of r(-12).
2, 53
Suppose -5*l = -20, -3010 = -w - 2*w + 5*l. List the prime factors of w.
2, 5, 101
Suppose 2*a - q - 4 = 0, 6*a - q - 10 = 2*a. Suppose 2*f + 4*v - 264 = 0, f = -a*f - v + 542. List the prime factors of f.
2, 17
Suppose -24*u + 802 = -22*u. List the prime factors of u.
401
Let p(l) = -5*l**2 - 3*l + 7. Let t be p(6). Let y = 69 + t. Let g = 183 + y. List the prime factors of g.
61
List the prime factors of (453044/318)/(2/6).
2, 2137
Let w(s) be the first derivative of -s**3/3 + 3*s**2 - 8*s + 5. Let j be w(6). Let m(p) = p**3 + 9*p**2 + 5*p + 3. List the prime factors of m(j).
3
Let c = -61 - -85. Let p = -47 - -49. List the prime factors of c/3 - (5 - p).
5
Suppose 9337 = 23*r - 3290. List the prime factors of r.
3, 61
Let t(s) = -s**2 - 4. Let y be t(-9). Let c = -54 - y. List the prime factors of c.
31
Let f = -120 + 122. Let g(p) = 45*p**3 - 4*p**2 + 2*p + 6. What are the prime factors of g(f)?
2, 3, 59
Suppose t - 5*h - 765 = -t, -2*t = 3*h - 805. What are the prime factors of t?
5, 79
Let l(g) = 8*g + 50. List the prime factors of l(23).
2, 3, 13
Let u(c) = -c**2 + 9*c - 4. Let r be u(8). Suppose -r*a + 15 = -a. Suppose -a*f + 50 = j + 4*j, 2*f - 10 = 3*j. What are the prime factors of f?
2
Let r(n) = n**3 - 30*n**2 - 14*n - 27. Let y be r(21). List the prime factors of (y/(-25) - -3) + 2/5.
5, 7
List the prime factors of 312 + -1 - -6 - 3.
2, 157
Let i be (1672/12 + (-6)/(-9))*1. Suppose -56 + i = 2*t. List the prime factors of t.
2, 3, 7
Let p(m) = 48*m**2 + 9*m - 9. List the prime factors of p(-4).
3, 241
Suppose -2*o + 1 = -25. Let z be (-2)/o - (-1445)/13. What are the prime factors of (-1)/((-1)/z*3)?
37
Suppose 10*o + 2225 = 15*o. List the prime factors of o.
5, 89
Let c be (264/(-15))/((-2)/10). What are the prime factors of (-2270)/(-22) + (-16)/c?
103
Let r(n) = -8*n**3 - n**2 - n - 1. Let b = 29 + -30. List the prime factors of r(b).
7
Let c = -1756 - -2549. List the prime factors of c.
13, 61
Let t be 2792/11 - 4/(-22). Suppose 2*w + 3*w = -3*a + 635, -2*w + 2*a = -t. List the prime factors of w.
127
Let x(p) = 298*p**2 - 27*p - 3. List the prime factors of x(-3).
2, 3, 5, 23
Let u = 120 - 76. Suppose 0 = z - 60 - u. List the prime factors of z.
2, 13
Let f = 0 - 1. Let z(t) be the second derivative of 2*t**4 - t**3/6 + 13*t. What are the prime factors of z(f)?
5
Suppose -p = -2, -3*z = -5*p + 6 + 1. List the prime factors of (z - 19)/(3/(-12)).
2, 3
What are the prime factors of 483/(-105) + 2/(-5) - -486?
13, 37
Suppose -1 - 7 = -f. Let q = 127 - f. List the prime factors of q.
7, 17
Let i(v) = v**3 - 4. Let n be i(2). Suppose -3*g = -0*g - w - 790, 4*w = -n. List the prime factors of g.
263
Suppose -65*b + 60*b = -1720. What are the prime factors of b?
2, 43
Suppose 0*a + 576 = 8*a. Suppose -f = -0*f - a. What are the prime factors of f?
2, 3
Suppose 3*k - 5*k + 4*z = 20, -3*z + 15 = 5*k. Suppose -2*d + 8 = -2, k = -s - d - 44. Let i = 71 + s. What are the prime factors of i?
2, 11
Let a be (8/1 - 1) + -2. Let d be a + (13 - 1)/3. What are the prime factors of (-1 + d)*(-18)/(-4)?
2, 3
Let r(q) be the third derivative of -q**5/60 + 25*q**4/24 - 23*q**3/6 - 19*q**2. What are the prime factors of r(21)?
61
Let j = 359 - 321. List the prime factors of j.
2, 19
Let p = 1 - 1. Suppose -5*o + 6*o = p. Suppose -c + o*c = -8. What are the prime factors of c?
2
Let q = -5999 + 8436. List the prime factors of q.
2437
Let p = 557 + -357. List the prime factors of p.
2, 5
Let h(g) = -g**2 - 2*g + 2. Let d be h(-4). Let l(m) = -6*m - 33. Let w be l(-5). List the prime factors of 23*2*w/d.
23
Let i(w) = 4*w**2 + 10*w + 24. List the prime factors of i(-9).
2, 3, 43
Let n = 16 - 3. Suppose -n*h + 10*h = 0. Let a(r) = r + 55. What are the prime factors of a(h)?
5, 11
Suppose 0 = -r - 3 + 1. Let x be 0/7 - (r + -1). Suppose 4*c = 93 + x. What are the prime factors of c?
2, 3
Let z be (33/(-66))/((5/6)/(-5)). Let x(q) = 3*q**3 - 2*q - 1. What are the prime factors of x(z)?
2, 37
Suppose j 